 2*k + 156 = 6*k. Suppose 3*q = 3*r + k, -3*q - r + 29 = r. Is q a multiple of 3?
False
Let u = -96 - -205. Is 27 a factor of u?
False
Let k be 0/(0 - 1) - -3. Suppose 49 = 4*c + 13. Suppose -k*b = -6 - c. Does 3 divide b?
False
Let l = -1 + 3. Let s(b) = 5*b - 1 - b**3 - b - 3*b**l + 4. Does 3 divide s(-4)?
True
Let o be (-4)/(-3) + 2/3. Suppose 2*u - 26 = o*r, 2*u = -r - 2*r - 24. Let l = r + 26. Is 16 a factor of l?
True
Let t(q) = -q. Let a be t(2). Let d(x) = -3*x - 1. Let g be d(a). Is 7 a factor of ((-42)/15)/((-1)/g)?
True
Suppose -2*y + p + 78 = 0, -18 = 2*y + 3*p - 96. Let o = y + -15. Is 10 a factor of o?
False
Is 8 a factor of 2/(((-2)/8)/(42/(-16)))?
False
Let z(c) = c**2 - 21*c + 27. Is 11 a factor of z(24)?
True
Let f(a) = 5*a - 1. Let t be f(1). Suppose -j + 0*j + 31 = t*p, 3*p = 4*j - 162. Suppose 4*c - 65 = -3*q, 5 = 4*c - 4*q - j. Is 14 a factor of c?
True
Let f = 303 - 81. Is f a multiple of 37?
True
Suppose -12 - 69 = 3*z. Let v = z + 53. Is v a multiple of 13?
True
Let u(q) = -3*q + 1. Let y be u(1). Let o(t) = -4*t**3 - t**2 + 2*t. Does 12 divide o(y)?
True
Suppose -v = -m - 19, 4*v + 45 - 1 = -4*m. Suppose -4*q - 5 = 23. Let s = q - m. Does 4 divide s?
True
Let o(k) = -k**3 - k**2 - k + 184. Let j be o(0). Suppose 72 = 2*b - 3*n + 6, -2*n = 5*b - j. Is 10 a factor of b?
False
Suppose -3*a + 91 = -2*a - 5*f, -3*a + 225 = f. Does 26 divide a?
False
Is 22 a factor of 59 - 3/(-3) - -4?
False
Let o(p) = -p + 5. Let w be o(-8). Let r = 12 + w. Is 22 a factor of r?
False
Let m = 4 + 1. Suppose -o + m*o = 12. Does 6 divide (-32)/(-6) + 2/o?
True
Suppose 2*r - 6 = -r. Let y be ((-6)/(-4))/(3/72). Suppose -m = r*m - y. Is 6 a factor of m?
True
Let c(m) = -2*m**3 - 5*m**2 - 7*m - 6. Is 14 a factor of c(-5)?
True
Let b(j) = 22*j - 7. Does 29 divide b(4)?
False
Let p(x) = -16*x - 4*x**2 + 0*x**2 + x**2 + 7 + x**2. Let c(g) = -g**2 - 8*g + 3. Let k(j) = 5*c(j) - 2*p(j). Is k(-7) a multiple of 8?
True
Let g(z) = 4*z - 2. Let f be g(3). Let i be 176/f + 4/10. Suppose -o = o - i. Is o a multiple of 5?
False
Suppose 0 = 5*n - 4 - 6. Suppose -n*q = a - 2, -18 = -0*q - 5*q + 4*a. Suppose -3*w + 50 = -q*j, -5*w - 4*j = -40 - 80. Is w a multiple of 10?
True
Suppose 3*i - 64 = -10. Is 6 a factor of i/(-15)*(-2 - 3)?
True
Let k be (4/(-6))/((-4)/18). Let y be (-1)/2 - k/2. Does 8 divide (y/4)/((-2)/72)?
False
Suppose -2*f - 3*v = f - 189, 3*f - 191 = -v. Is 4 a factor of f?
True
Let i(y) = -y. Let b be i(0). Suppose -1 = -0*x - x, 3*o - 5*x - 13 = b. Suppose -p - h + 6*h = -34, o = p + 2*h. Is 7 a factor of p?
True
Suppose -20*x = -16*x - 448. Is 8 a factor of x?
True
Let i = 6 - 6. Suppose 3*r + 2*r = i. Suppose 5*b - 100 + 35 = r. Is b a multiple of 13?
True
Let v be 1 + (-4)/8*-40. Suppose -4*m = -11 - v. Is 4 a factor of m?
True
Suppose -2*b = -15 - 21. Suppose b = q - 4*q. Let f(z) = -2*z + 2. Is 14 a factor of f(q)?
True
Let q(l) = 15*l**2 + 4*l - 1. Suppose 0 = -a - a + 5*d + 16, 3*a - 5*d - 14 = 0. Does 17 divide q(a)?
True
Let c be 2/9 + 14/(-63). Let w be c + (43 + 2 - -2). Let j = w - 29. Is j a multiple of 18?
True
Let y(k) = k**2 + 4*k - 12. Is 10 a factor of y(-8)?
True
Let q = 9 + 4. Let f be 168/16 + 3/2. Let h = f + q. Does 17 divide h?
False
Is 13 a factor of 4/10 + 0 - 8778/(-55)?
False
Suppose -4 = 2*k - 84. Is k a multiple of 32?
False
Let t be 4*(2*-1 + 6). Let c = t + 25. Let l = c + -18. Is l a multiple of 9?
False
Let h(p) = 4*p - 3. Let a be h(2). Let m(y) = y**3 - 2*y**2 - 3*y + 7. Is m(a) a multiple of 21?
False
Suppose -3*y + 19 = b - 6, 0 = 4*y - 3*b - 55. Let k = -6 + y. Suppose -8 = -4*q + k*u, u = q - u. Does 3 divide q?
False
Let v(m) = m**3 + 11*m**2 + 8*m - 10. Let q be v(-10). Suppose 5*n - 115 = -q. Does 21 divide n?
True
Let j(u) be the first derivative of u**3/3 + 3*u**2/2 + 2*u - 2. Is 10 a factor of j(-5)?
False
Suppose 118 = 3*q - 62. Is 15 a factor of q?
True
Let n(q) be the first derivative of 4*q**2 - q + 7. Let u be 2 - (1/1 - 1). Does 15 divide n(u)?
True
Let v(n) = n**3 + 6*n**2 - 2*n - 1. Is 32 a factor of v(-3)?
True
Let q(w) = w + 8. Let n be q(-10). Is 2 - (-7 - (n - -3)) a multiple of 10?
True
Suppose 4*p + 0 = 8. Suppose -b - p*b + 114 = 0. Is b a multiple of 11?
False
Let s be 12*((-50)/(-4))/5. Suppose 5*g + z - 42 = 0, z - 5*z = -2*g + s. Is 9 a factor of g?
True
Let b(g) = 14*g**2 + g + 2. Let w be b(-3). Let z = w - 65. Is 20 a factor of z?
True
Let b = 104 - 60. Is 8 a factor of b?
False
Suppose -5*n = -0 + 5. Let x be 1 + 3 + n - 1. Suppose 0 = -3*f - 4*a + 15, 5*f = -x*a + 35 - 10. Is f a multiple of 2?
False
Let m = -130 - -260. Is m a multiple of 28?
False
Suppose 3 = 3*c - 3. Suppose -3*f = -f + c. Is -1 + 2 + (-8)/f a multiple of 9?
True
Suppose 4*z + 9*z = 936. Does 36 divide z?
True
Suppose 4*v = -2*y + 10, -2*v - 5*y - 3 = v. Suppose 4*a - 36 = -v*l, -2*l = 5*a - 22 - 32. Does 6 divide (a/(-14))/((-1)/14)?
True
Let v = 1 + 4. Let c = v - 4. Is (-54)/(-2) - 0 - c a multiple of 13?
True
Suppose 3*z + 135 - 18 = 0. Let d = 79 + z. Let j = 56 - d. Is j a multiple of 8?
True
Suppose -2*m + 4*m - 4 = 0. Suppose -2*v = -x - 2, -3*v + 5 = x - m*x. Suppose x*d - 70 = -6. Is d a multiple of 8?
True
Suppose 194 = 5*q - 86. Does 13 divide q?
False
Let l be (-40)/(-2)*(-2)/4. Suppose -20 + 100 = -4*m. Let i = l - m. Is i a multiple of 10?
True
Let c(s) = s**2 + 5*s - 3. Let n be c(-6). Let a = n + 18. Is a a multiple of 21?
True
Suppose -2*j + 5*j + 3 = 0, -4*k + 146 = -2*j. Is 12 a factor of k?
True
Suppose 9*q - 176 = -68. Is 12 a factor of q?
True
Let f = 131 + -68. Does 4 divide f?
False
Suppose 5*c + 5*g - 20 = 0, c + 4*g + 8 = -g. Let a = c + -2. Is 3 a factor of a?
False
Let s(o) = 9*o**2 - 3*o + 3. Is 22 a factor of s(-4)?
False
Let x(n) = 5*n**2 - 2*n - 1. Let q be x(-2). Let d = q - -8. Suppose 2*c - 5*f = d, -c + 2 = -f - 9. Is 5 a factor of c?
False
Let u = -1046 - -734. Does 17 divide u/(-6) + -1 + -2?
False
Suppose -f = 4*f - 10. Let i be f*(254/4 + 2). Does 14 divide 6/(-9) + i/3?
False
Suppose 0 = -r - 9 + 25. Let p = r + 16. Is 10 a factor of p?
False
Suppose 1 = -5*o + 6. Suppose -4*x + 9 = o. Suppose 3*k - 9 = x*k. Is k a multiple of 9?
True
Is 11 a factor of 19 + 3 + (-1 - -1)?
True
Suppose 4*y + 5*x = -13 + 100, -66 = -3*y - 3*x. Let a(z) = z**2 + 7*z + 7. Let f be a(-6). Let k = y - f. Does 13 divide k?
False
Let v be -1 + 1 + 90/3. Let p(i) = i. Let c be p(4). Suppose c*h = -h + v. Does 4 divide h?
False
Let p = 0 + -2. Does 13 divide (p + 4)/((-4)/(-26))?
True
Suppose 0 = f + 2*i - 16, -3*i - 110 = -5*f + 2*i. Suppose f = -3*k + 146. Is k a multiple of 14?
True
Let n = -11 + 23. Does 10 divide n?
False
Let v = -8 - -16. Is v a multiple of 2?
True
Suppose 6 = -4*z + 2. Is 20 a factor of ((49 - z)*1)/2?
False
Let i(b) = -2 - 2*b - 3*b**2 + b**2 - b**2. Let v be i(-2). Let a(j) = -j - 6. Is a(v) a multiple of 4?
True
Suppose -4*a - 357 = -a. Let b = a - -219. Let x = b + -68. Does 18 divide x?
False
Let q = 0 + -4. Let t = 5 - q. Does 9 divide 2/t + (-482)/(-18)?
True
Is 19 a factor of (3 - -3)/((-3)/(-137))?
False
Let x = 37 + -15. Let r = -48 - -84. Let y = r - x. Is 14 a factor of y?
True
Let h(d) = -d**3 + 9*d**2 + 6*d + 1. Let t be h(8). Let o(p) = -p**2 + 8*p + 3. Let i be o(-6). Let z = t + i. Is z a multiple of 16?
True
Let g(r) = r**2 - 8*r - 5. Let u be g(9). Suppose 4*n - 12 = -u*d, -4*n + 0*n = 0. Suppose 4*p + 2*f - 10 = 0, -d*p = 4*f - 4 - 1. Is p a multiple of 3?
True
Let n(w) = w**3 + w**2 + w - 1. Let u be n(1). Suppose 4*z - 86 = -3*s, -3*s - u*z + 34 = -42. Is s a multiple of 22?
True
Suppose -q + t + 2624 = q, -t = -4*q + 5248. Suppose 0*g - 4*z = -2*g - 884, z + q = -3*g. Is (-4)/18 - g/27 a multiple of 16?
True
Let c = -144 + 226. Does 4 divide c?
False
Suppose 4*c + 4*s - 411 - 169 = 0, 0 = -2*s + 2. Is c a multiple of 20?
False
Suppose -15 = -5*j + 2*j. Suppose -55 = -4*w - 3*h + j, 4*h + 16 = 0. Is 6 a factor of w?
True
Suppose -2*s + 151 + 69 = 0. Let c = 168 - s. Is c a multiple of 14?
False
Suppose -7*g + 2*g = 5*u - 75, 5*g + 3*u = 65. Does 5 divide 29/3 + g/(-15)?
False
Let a = -25 + 24. Let c be 33*(-1 - 4/(-3)). Let q = c + a. Does 10 divide q?
True
Let u = 127 + -58. Is u a multiple of 25?
False
Let s(p) = 26*p + 4. Let m be s(-4